e -5*r - j + 40 = 0, 2*r + 12 = j + 21. Let d(a) = -a**2 + 13*a - 26. What is the remainder when 57 is divided by d(r)?
9
Suppose 15 = -4*s - 5. Let l = s + 11. Let m = l + 4. What is the remainder when 18 is divided by m?
8
Let j(w) = 5*w**2 + 6*w - 8. Let x be j(3). Suppose -3*t - 4*d - x = -9, -4*t = -4*d + 52. Calculate the remainder when -8 - -8 - t/2 is divided by 5.
2
Let c be (75/(-20))/(4/(-32)). Let d = c + -27. Suppose -5*t - 24 + 134 = 0. Calculate the remainder when t is divided by d.
1
Let r = -1819 - -1829. What is the remainder when 348/9 + -2 + (-10)/(-30) is divided by r?
7
Let x(s) = 33*s**2 - 3*s + 2. Let n(l) = l**3 - 7*l**2 - 13*l - 44. Let m be n(9). What is the remainder when x(m) is divided by 11?
10
Suppose -3*m + 38 - 167 = 0. Let i = 48 + m. Suppose -3*y + 0*c + 104 = -2*c, 5*y - 180 = i*c. Calculate the remainder when 62 is divided by y.
30
Let b = 67 - 62. Suppose -b*t - 4*c = -6*t + 37, 4*t - 181 = 5*c. What is the remainder when 88 is divided by t?
39
Let v be -3*6 + 9 + -6. Let h = v + 24. Let j = -4722 + 4791. What is the remainder when j is divided by h?
6
What is the remainder when 259 is divided by ((-228)/152)/(2*1/(-204))?
106
Suppose 2015 + 2020 = 15*x. What is the remainder when 545 is divided by x?
7
Let j(z) = 2*z**2 - 23*z - 1958. Calculate the remainder when j(-29) is divided by 227.
164
Suppose 4*c + 11 + 1 = 0. Let q(g) = -g**3 - 2*g**2 - 4*g - 2. Suppose h = -2*l - 133 + 192, 320 = 4*h - 4*l. Calculate the remainder when h is divided by q(c).
16
Let x be (-16 + 15)/((-2)/8). What is the remainder when (-16)/x + 2/((-8)/(-588)) is divided by 36?
35
Suppose -3*b + 75 = -0*b. Let g be (-3 + 1)*1/2 - 9. Calculate the remainder when ((-41)/(-1) - -3) + g + 14 is divided by b.
23
Let p(n) = n**2 - 26*n + 48. Let r be p(22). Calculate the remainder when 51 is divided by 15 - (r/(-2))/(-5).
13
Let p = -3212 + 3255. Calculate the remainder when 214 is divided by p.
42
Let h = 13468 - 13365. Calculate the remainder when 3912 is divided by h.
101
Let n = 13574 - 13279. What is the remainder when 874 is divided by n?
284
Let z(q) = q**3 + 10*q**2 + 11*q - 22. Let r be z(-8). Suppose -1189 = r*p - 47*p. What is the remainder when p is divided by 27?
14
Let q = -14 + 57. Suppose 0 = -3*h + 162 + 18. Let w = 71 - h. What is the remainder when q is divided by w?
10
Suppose d - 2*c - 29 = 0, -3*d - 7*c + 4*c + 96 = 0. Suppose d*u = 1884 - 334. What is the remainder when u is divided by 24?
2
Suppose 0 = 8*s + 6*s + 84. Calculate the remainder when -1 + -24*3/(-2) is divided by s + 72/(10 + -4).
5
Suppose -6*g - 299 = -353. Suppose -s = -l - 47, -4*l = g*s - 7*s - 100. What is the remainder when s is divided by 11?
4
Let q = -772 - -855. Suppose -4*z + 0*z + 12 = 0. Calculate the remainder when q is divided by 3/z + (5 - -1).
6
Let y(r) = r**3 + 4*r**2 + r - 1. Let u = -8 - -3. Let o be y(u). Let v = 39 + o. Calculate the remainder when 94 is divided by v.
6
Let q(d) = 6*d - 16. Let h be q(3). Suppose -n + 7 = 4*s - 22, h*n - 40 = s. Let k = -294 + 501. Calculate the remainder when k is divided by n.
18
Let u = 43135 + -16747. What is the remainder when u is divided by 26?
24
Suppose -2*n + 178 = 4*g + 3*n, -g = -n - 49. Suppose 183 = -247*f + 6358. What is the remainder when g is divided by f?
22
Let s = 3021 - 1846. What is the remainder when s is divided by 2?
1
Let f = 40 + -26. Suppose 5*p + 16 = -f. Let c(t) = -2*t - 2. Calculate the remainder when c(p) is divided by 6.
4
Suppose -3*q + 60*z - 57*z + 156 = 0, -3*q = -z - 160. Suppose -2*x - 10 = -48. What is the remainder when q is divided by x?
16
Let l(u) = u**2 - 3*u - 2. Let x be l(-2). Let p(n) = n - 2. Let b = -5 + 22. Calculate the remainder when b is divided by p(x).
5
Suppose 21*h = 34*h - 130. Let z(r) be the second derivative of r**5/20 - 3*r**4/4 - 3*r**3/2 + 9*r**2/2 + r. What is the remainder when 168 is divided by z(h)?
16
Suppose -2*y + 6088 = 4*v, -25*v + 20*v = -4*y - 7636. What is the remainder when v is divided by 190?
4
Let f = -50 + 123. Let n(t) = -t**2 + t + 4. Let y be n(2). Suppose m = 4, -y*b - 5*m - 18 = -4*b. What is the remainder when f is divided by b?
16
Let k = 1632 - 1628. What is the remainder when (16/6)/(1/9) is divided by 6 + 56/k + (-1 - 4)?
9
Let h = -1843 - -1928. Calculate the remainder when 1528 is divided by h.
83
What is the remainder when 432 is divided by 1 - (-28)/(-26) - 512604/(-25532)?
12
Let d = 10310 + -1590. Calculate the remainder when d/70 - ((-24)/(-28))/(-2) is divided by 13.
8
Let g = 27 - 10. Let c(m) = m**3 - 3*m**2 - 106*m + 205. What is the remainder when g is divided by c(11)?
3
Suppose -77*k = -82*k + 20. Suppose -45*m + k = -44*m. Suppose 2*u = -5*t + 200, 5*t - m*u = -0*u + 170. What is the remainder when t is divided by 13?
12
Let y(l) = 15. Let w(n) = -n - 46. Let d(f) = -4*w(f) - 14*y(f). Let i be d(6). What is the remainder when ((-18)/(-9))/(i/(-164)) is divided by 33?
32
What is the remainder when 538 is divided by (-49)/(-6) - (-1565)/1878?
7
Let u(w) = 3*w - 2. Let o be u(2). Suppose 2*l + 35 = 3*x, -x + 37 = o*l + 2. Calculate the remainder when -4 - 4*(-39)/2 is divided by x.
14
Suppose -504 = -4*y + 680. Suppose y = 57*s - 49*s. Calculate the remainder when 55 is divided by s.
18
Let n be 1/(-2 - 378/(-186)). Let j = -5 - -14. Suppose -n = -l - j. Calculate the remainder when 65 is divided by l.
21
Let w = 941 - 946. Suppose -3*n - 2*n - 4*k = -203, -2*k = 3*n - 121. Calculate the remainder when n is divided by (4 + ((-580)/(-8))/w)*-2.
18
Let d(t) = -t**2 + 49*t + 491. Calculate the remainder when 1779 is divided by d(57).
29
Let s = -102 - -100. Suppose 0 = 2*m - l - 74, -2*l - 32 = -2*m + 42. What is the remainder when 145 - ((-1)/s)/(1/(-2)) is divided by m?
35
Let x = -72 - -90. Suppose -3*f = 3 - x. Suppose -5*u + 3*n + 29 = 0, -3*u + f*n + 4 = -u. Calculate the remainder when 17 is divided by u.
3
Let o(f) = -f**3 - 1. Let p be o(1). Let b be ((-28)/4)/1*(-7 - p). Let g = 40 - b. Calculate the remainder when 13 is divided by g.
3
What is the remainder when (344/(-258))/(4/(-8133)) is divided by 42?
23
Let k(i) = 788*i - 2967. Calculate the remainder when 1385 is divided by k(4).
90
Let z be (-126)/(-18)*(-552)/(-14). Suppose 3*a - z = 4*y, 276 = 3*a + 4*y - 9*y. Calculate the remainder when a is divided by 8.
4
Suppose 119 = -3*c + 2*k, -4*c + 3*k - 210 = -52. Let p = -66 - c. Let j(g) = -3*g - 54. What is the remainder when 123 is divided by j(p)?
18
Let o = -6 - -8. Suppose -108 = -o*s + 2*m + m, -2*s + 5*m = -104. Let t(l) = -10*l - 90. Calculate the remainder when s is divided by t(-10).
7
Let n = 4836 + -4810. What is the remainder when 174 is divided by n?
18
Let b = 33848 - 31168. What is the remainder when b is divided by 6?
4
Let k = -19017 - -19028. Calculate the remainder when 1339 is divided by k.
8
Let h(r) = -r**2 - 13*r + 17. Let z be h(-10). Suppose -42*s + z*s - 215 = 0. What is the remainder when s is divided by 23?
20
Let k(n) = -2 + 4 + 1 - 4*n + 7*n. Let o be k(0). What is the remainder when 28 is divided by 6/o*(5 + 3)?
12
Let b(x) = 17*x**2 + 5*x + 5. Let z be b(-5). Let v = 424 - z. Let g(l) = 31*l + 1. Calculate the remainder when g(3) is divided by v.
18
Let n(s) = 78*s**2 - 2*s + 10. Calculate the remainder when n(2) is divided by 85.
63
Let d(w) = w**3 - 34*w**2 + 134*w - 78. What is the remainder when d(30) is divided by 126?
90
Suppose -2*u + 28 = 2*l, 8*l - 3*l + 38 = u. Let k = -143 + 206. Let d = -16 + k. What is the remainder when d is divided by u?
11
Let q(d) = -2*d**3 - 13*d**2 - 47*d - 19. Calculate the remainder when q(-6) is divided by 60.
47
Let y(c) = -c - 2. Let v be y(-1). Suppose 3*d = 0, 6*d - 12 = -2*b + 4*d. Calculate the remainder when 37 is divided by (26/b)/(-4*v/12).
11
Suppose -37*k + 981 - 7974 = 0. Calculate the remainder when 17 is divided by 6/(-4) - k/42.
2
Suppose -568 = 4*f - 2*g, -4*g = -f + 17 - 152. Let w = f - -187. What is the remainder when w is divided by 16?
12
Suppose 5*b - 112 = -48*v + 44*v, -6 = -2*v. What is the remainder when 885 is divided by b?
5
Let u(z) = -z**3 + 32*z**2 + 109*z - 31. Let v(k) = -k + 28. What is the remainder when u(-4) is divided by v(0)?
25
Let n be (-2)/12 + (-357)/18. Let 